 29
Suppose 3*k + 1 = 4. Let i be 6 - (2 + -1 - 1). Suppose 2*g = -3*f - i + 15, -f - k = 2*g. What are the prime factors of f?
5
Let v(y) = -y**2 - 6*y + 2. Let w be v(-5). Suppose -w*c + 2*c = -10. Suppose 2*j + 3 = -1, c*t - 22 = -2*j. List the prime factors of t.
13
Suppose 3 = -3*n - d - d, n + 11 = -4*d. Let g be -1 + 9 + (1 - -1). What are the prime factors of (n - -1)*g/4?
5
Suppose 46 = 2*o - 210. What are the prime factors of 4/(-18) + o/9?
2, 7
Let c = -71 + 133. What are the prime factors of c?
2, 31
Let s(y) = -2*y**3 - y**2 + 2*y + 2. Let l(g) = 6*g**3 + 3*g**2 - 6*g - 6. Let a(r) = 2*l(r) + 7*s(r). What are the prime factors of a(-2)?
2, 5
Let v(k) be the third derivative of 13*k**5/60 + k**4/24 - 3*k**2. Suppose o = 2 - 1. List the prime factors of v(o).
2, 7
List the prime factors of ((-8)/(-6))/((-18)/(-135)).
2, 5
Suppose 3*z - 4*k - 56 - 387 = 0, k = -3*z + 433. Suppose -3*u = -z + 4. List the prime factors of u.
47
Suppose 4*c - 74 = 18. Let n be (3 + -2)*1 - -7. Suppose 5*f = -n + c. What are the prime factors of f?
3
Suppose 0 = -4*w + 2*o + 80, 2*w = -3*w - o + 93. List the prime factors of w.
19
Suppose -2*o - 16 = 2*b + b, 0 = -5*b - o - 22. Let n = b + 19. List the prime factors of n.
3, 5
Let n(o) be the third derivative of o**2 - 5/6*o**3 + 0 + 0*o - 1/12*o**4. What are the prime factors of n(-6)?
7
Suppose 3*p + 2*m - 188 = -3*m, 0 = 3*p - 3*m - 156. What are the prime factors of p?
2, 7
Let t = -18 + 22. What are the prime factors of t/6*(-63)/(-6)?
7
Suppose -m - 5*l = -164, 860 = 5*m + 6*l - l. What are the prime factors of m?
2, 3, 29
What are the prime factors of 102 - (6/24 - 2/8)?
2, 3, 17
Let y = -25 + 185. List the prime factors of y.
2, 5
Suppose 3*u + 2*u - 115 = 0. Let t = u - 12. What are the prime factors of t?
11
Let r(s) = -s - 7. Let w be r(-9). Let t be 1/(-3) - (-23)/(-3). List the prime factors of w + (2 - 2 - t).
2, 5
Suppose 2*k = -4*l + 92, 4*l = 2*l - 5*k + 62. List the prime factors of l.
3, 7
Let g be 2/(-5) + 124/10. What are the prime factors of g/(-10)*(-10)/3?
2
List the prime factors of -1 + (470*1)/5.
3, 31
Let b(n) = -34*n - 10. List the prime factors of b(-3).
2, 23
Let t(j) = j**2 + 4*j - 3. Suppose o - 39 = -2*o. Suppose 4*d - 5*w = -10 - 39, 2*d + 5*w = o. List the prime factors of t(d).
3
What are the prime factors of (-5 + -1)/((-6)/8)?
2
Let i = 130 + -90. What are the prime factors of i?
2, 5
Suppose 5*v = 3*v + 80. What are the prime factors of v?
2, 5
Suppose 5*s - 5*j - 20 = 0, s + 0*s + 6 = 3*j. Suppose s = -3*x + 2*x. Let y = -2 - x. List the prime factors of y.
7
Let k = -1 - -7. Suppose k*z - 2*z = 168. Suppose o = -2*o + z. List the prime factors of o.
2, 7
Suppose 2*q + 13 = 5*k, 3*q - k = q + 7. Let m be (-3)/((9/q)/(-1)). Suppose -3*v = m*v - 45. What are the prime factors of v?
3
Let y(c) = c**2 + 6*c + 2. Let x be y(-6). Suppose 5*a = d - 29, -d + 51 = x*d + 3*a. What are the prime factors of d?
19
Let n = 9 + -7. Suppose -3*h + x + 3*x = -72, -n*x + 6 = 0. What are the prime factors of h?
2, 7
Let i(d) = 10*d + 1. Let m be i(-1). Let k be 141/27 - (-2)/m. Suppose k*c - 6 = 14. What are the prime factors of c?
2
Let l = 3 + 1. List the prime factors of l/(-14) - 260/(-28).
3
Suppose 138 = 4*b + j, 2*b - 2*j = 3*b - 38. Suppose -5*z - 3*c + 101 = 0, 4*z = -3*c + 45 + b. List the prime factors of z.
2, 11
Let r be (6/4)/((-6)/(-64)). Suppose -25 = 5*h + x, -3*h - x + 3 = -5*h. Let k = r + h. What are the prime factors of k?
2, 3
Suppose -3*q + 5 = -6*q + 5*k, -5*q - 27 = k. Let u(x) be the first derivative of x**3/3 + 5*x**2/2 + 6*x + 1. List the prime factors of u(q).
2, 3
Suppose -2048 - 1284 = -14*b. What are the prime factors of b?
2, 7, 17
Let t(k) = k**3 + 7*k**2 - 6*k + 15. Let z be t(-8). Suppose 1 = 3*i - 2. What are the prime factors of 0 - i/z*4?
2
Let p = 78 - 25. What are the prime factors of p?
53
Let k(r) = r**2. Suppose -2 = -4*t + 3*t. List the prime factors of k(t).
2
Suppose 26 = 4*m + 6. Let j = 16 - m. List the prime factors of j.
11
Suppose 1 + 1 = -v. Let b = v + 9. Let g = b - 1. What are the prime factors of g?
2, 3
Suppose 2*y - 5*r = -2*y + 34, 0 = 3*r + 6. Let f = 3 + y. List the prime factors of f.
3
Suppose -2*a + 42 = -2*o, 2*a - 3*o = 21 + 16. Let t be (-2)/11 + (-140)/(-44). Suppose -2*z = -2*m - 8 + a, t*z = -3. List the prime factors of m.
2
Let d be 3/9 - (-94)/6. Suppose -c = -3*y + 8, d = 3*c + y - 0. Suppose -c*o - 3 = -35. List the prime factors of o.
2
Suppose 3*u + u = 32. What are the prime factors of u?
2
Let k(h) = -h**3 - 3*h**2 + h + 3. Let w be k(-3). Let n = -9 - -21. Let p = n - w. What are the prime factors of p?
2, 3
Let y(q) = -2*q + 12. Let a be y(12). Let c(x) = 4*x**2 + 4*x - 3. Let w be c(2). Let v = a + w. List the prime factors of v.
3
Let r(s) = -s**2 + 12*s + 13. Let m be r(12). Suppose 0 = 6*t - m*t + 308. List the prime factors of t.
2, 11
Suppose u - 17 = -2*d + 27, d - 4 = 0. What are the prime factors of u?
2, 3
Let r = 10 + 26. Let b = -26 + r. Suppose 0 = -4*h + 2*n + 8, -5*h - 4*n + b = -5*n. List the prime factors of h.
2
Let n = 64 + -20. List the prime factors of n.
2, 11
Suppose 0 = -2*z + 3*m + 12, -z - 12 = -0*m + 3*m. Suppose 0 = 5*w - y - 49, z = 2*y - 5*y + 3. List the prime factors of w.
2, 5
Let t(l) = 3*l**2 + l + 6. List the prime factors of t(4).
2, 29
Suppose -5*d + 3*d + 36 = 0. List the prime factors of d.
2, 3
Suppose -6 = -3*h + 15. Suppose -1 = -3*g - h. What are the prime factors of 4/((g/1)/(-8))?
2
Let o(u) = 19*u + 1. Let x be o(1). Suppose 3*i + 3*w - 107 = -i, 4*w - x = 0. List the prime factors of i.
23
Suppose -5*w = -3*w + 5*s - 202, 0 = 5*w - 2*s - 505. List the prime factors of w.
101
Let w(n) = -17*n**2 - 2*n - 1. Let b be w(-1). Let i = b + 36. Suppose a + a = i. List the prime factors of a.
2, 5
Suppose 0 = 15*r - 24*r + 387. What are the prime factors of r?
43
Let v(t) be the second derivative of -t**3/3 + 2*t**2 + 9*t. What are the prime factors of v(-5)?
2, 7
List the prime factors of 2/(-3) + (-215)/(-3).
71
Let u(b) = -2*b + 56. List the prime factors of u(23).
2, 5
Let b(o) = -5*o - 5. Suppose 0*q = 3*q + 5*h - 12, 0 = -2*h. Suppose -q*g + 2*g = 8. List the prime factors of b(g).
3, 5
Let h(v) = -v - 10. Let w be h(-8). Let b be (36/15)/(w/(-25)). Let u = -20 + b. What are the prime factors of u?
2, 5
Let u(q) be the first derivative of q**4/4 - q**3 - 7*q**2/2 + 6*q - 2. Let i be u(4). List the prime factors of i/(-33) + 84/22.
2
Let s(k) = k**2 + 2*k + 98. Let i be s(0). List the prime factors of (6/7)/(14/i).
2, 3
Suppose -2*m + 4*b = -116, -3*m - m = 3*b - 210. List the prime factors of m.
2, 3
Let i(z) be the first derivative of z**3/3 + z**2 + z + 3. Suppose 5 = -2*c - 1. What are the prime factors of i(c)?
2
Let t = -2 - -27. What are the prime factors of t?
5
Suppose 3*h + 22 - 76 = 0. Let q = h - 9. List the prime factors of q.
3
Let o = 5 - 3. Suppose 8 = n + 4*y, -3*n = 4*y - 1 - 15. Suppose o*r - n = 4. List the prime factors of r.
2
Suppose q - 20 = -5*f, -5*f = -5*q - 0*f + 10. Suppose 2*j + 12 = q*j. Suppose 5*x - 5*l - 30 = 0, 5*l = j*x + 6*l - 34. List the prime factors of x.
2
Let x(z) = 2*z**2 + 22*z + 8. List the prime factors of x(-13).
2, 3, 5
Let l(b) = -b**3 - 4*b**2 - 3*b - 6. Let t be (-3)/(-6)*-8*1. Let d be l(t). Let n = d + -2. What are the prime factors of n?
2
Let i(x) = x**2 - 16*x + 41. What are the prime factors of i(16)?
41
Let u(n) = 13*n**2 - 8*n + 1. List the prime factors of u(4).
3, 59
Suppose -7 = -3*k - 1. Suppose w = -4 - 0. Let g = k - w. What are the prime factors of g?
2, 3
Suppose -19*s + 160 = -14*s. List the prime factors of s.
2
List the prime factors of 141*6/9 + -1.
3, 31
Suppose -4*n - n = 170. Let p = n + 48. List the prime factors of p.
2, 7
Suppose -5*y + 7 + 3 = 0. What are the prime factors of y/(-10) + 813/15?
2, 3
List the prime factors of 17 - (-3)/(6/8).
3, 7
Let m = -3 + 5. Let j = 41 - 4. Suppose -m*i + j = 2*i - 3*z, 41 = 4*i + z. What are the prime factors of i?
2, 5
Let z(k) = 3*k - 4. Let t be z(3). Suppose 0 = -3*f - 3*o + 36, -t*o = -2*f - f + 60. Let c = 23 - f. List the prime factors of c.
2
Suppose n + 7 = -4*x, 3*n - x = 3*x + 11. What are the prime factors of 10/n + 0/3?
2, 5
S